{"id":3244,"date":"2023-07-13T14:16:09","date_gmt":"2023-07-13T17:16:09","guid":{"rendered":"https:\/\/www.azulmusic.com.br\/en\/?post_type=portfolio&#038;p=3244"},"modified":"2023-09-27T10:32:31","modified_gmt":"2023-09-27T13:32:31","slug":"cristian-budu","status":"publish","type":"portfolio","link":"https:\/\/www.azulmusic.com.br\/en\/portfolio-item\/cristian-budu\/","title":{"rendered":"Cristian Budu"},"content":{"rendered":"<div class=\"flex_column av_one_third  flex_column_div av-zero-column-padding first  avia-builder-el-0  el_before_av_two_third  avia-builder-el-first  \" style='border-radius:0px; '><div  class='avia-image-container avia_animated_image avia_animate_when_almost_visible av-rotateInUpLeft av-styling- av-hover-grow   avia-builder-el-1  avia-builder-el-no-sibling  avia-align-center '  itemprop=\"image\" itemscope=\"itemscope\" itemtype=\"https:\/\/schema.org\/ImageObject\"  ><div class='avia-image-container-inner'><div class='avia-image-overlay-wrap'><img decoding=\"async\" class='wp-image-3246 avia-img-lazy-loading-not-3246 avia_image' src=\"https:\/\/www.azulmusic.com.br\/en\/wp-content\/uploads\/2023\/07\/CristianBudu.jpg\" alt='' title='CristianBudu' height=\"1024\" width=\"768\"  itemprop=\"thumbnailUrl\" srcset=\"https:\/\/www.azulmusic.com.br\/en\/wp-content\/uploads\/2023\/07\/CristianBudu.jpg 768w, https:\/\/www.azulmusic.com.br\/en\/wp-content\/uploads\/2023\/07\/CristianBudu-225x300.jpg 225w, https:\/\/www.azulmusic.com.br\/en\/wp-content\/uploads\/2023\/07\/CristianBudu-529x705.jpg 529w\" sizes=\"(max-width: 768px) 100vw, 768px\" \/><\/div><\/div><\/div><\/div>\n<div class=\"flex_column av_two_third  flex_column_div av-zero-column-padding   avia-builder-el-2  el_after_av_one_third  el_before_av_heading  \" style='border-radius:0px; '><p><div  style='padding-bottom:10px; ' class='av-special-heading av-special-heading-h1  blockquote modern-quote  avia-builder-el-3  el_before_av_textblock  avia-builder-el-first  '><h1 class='av-special-heading-tag '  itemprop=\"headline\"  >Cristian Budu<\/h1><div class='special-heading-border'><div class='special-heading-inner-border' ><\/div><\/div><\/div><br \/>\n<section class=\"av_textblock_section \"  itemscope=\"itemscope\" itemtype=\"https:\/\/schema.org\/CreativeWork\" ><div class='avia_textblock  '   itemprop=\"text\" ><p class=\"Type__TypeElement-sc-goli3j-0 bGcjcI\" data-encore-id=\"type\">Hailed by <em>Gramophone<\/em> as &#8220;an impressively original pianist, with musical maturity and understanding that would make colleagues twice his age envious&#8221;, Cristian Budu has received high praise from the renowned pianist Nelson Freire, who believed Budu would be his successor.<\/p>\n<p class=\"Type__TypeElement-sc-goli3j-0 bGcjcI\" data-encore-id=\"type\">He has established himself as one of the leading figures among the new generation of classical musicians, winning the prestigious Clara Haskil International Competition in Switzerland, considered the most important accolade for a Brazilian pianist in the last 30 years. Budu&#8217;s achievements include being Instrumentalist of the Year by APCA, Best Concert of the Year in Guia da Folha and earning a place on Gramophone&#8217;s prestigious list of the &#8220;Top 50 Greatest Chopin Recordings\u201d. He has performed with renowned classical musicians, such as Renaud Capu\u00e7on and Antonio Meneses, and collaborated with members of the Berlin Philharmonic.<\/p>\n<p class=\"Type__TypeElement-sc-goli3j-0 bGcjcI\" data-encore-id=\"type\">Budu also has appeared as a soloist with orchestras worldwide and performed in prestigious venues and festivals across the globe. As the son of Romanian parents, Budu grew up in Diadema, Brazil, and received his musical education at the Funda\u00e7\u00e3o das Artes de S\u00e3o Caetano do Sul. He has been involved in various musical projects and social initiatives, aiming to democratize access to classical music. Budu holds a degree in music from the University of S\u00e3o Paulo and an Artist Diploma from the New England Conservatory in Boston.<\/p>\n<\/div><\/section><\/p><\/div>\n<div  style='padding-bottom:10px; margin-bottom: 30px;' class='av-special-heading av-special-heading-h1  blockquote modern-quote  avia-builder-el-5  el_after_av_two_third  el_before_av_postslider  '><h1 class='av-special-heading-tag '  itemprop=\"headline\"  >ALBUMS<\/h1><div class='special-heading-border'><div class='special-heading-inner-border' ><\/div><\/div><\/div>\n<div   data-autoplay=''  data-interval='5'  data-animation='fade'  data-show_slide_delay='90'  class='avia-content-slider avia-content-slider-active avia-content-slider1 avia-content-slider-odd  avia-builder-el-6  el_after_av_heading  el_before_av_hr  '  itemscope=\"itemscope\" itemtype=\"https:\/\/schema.org\/Blog\" ><div class='avia-content-slider-inner'><div class='slide-entry-wrap'><article class='slide-entry flex_column  post-entry post-entry-3304 slide-entry-overview slide-loop-1 slide-parity-odd  post-entry-last  av_one_fifth first real-thumbnail post-format-standard'  itemscope=\"itemscope\" itemtype=\"https:\/\/schema.org\/CreativeWork\" ><a href='https:\/\/www.azulmusic.com.br\/en\/portfolio-item\/after-a-dream\/' data-rel='slide-1' class='slide-image' title='After a Dream'><img decoding=\"async\" width=\"705\" height=\"705\" src=\"https:\/\/www.azulmusic.com.br\/en\/wp-content\/uploads\/2023\/09\/AMDA1863_AfterADream_MenesesBudu-705x705.jpg\" class=\"wp-image-3305 avia-img-lazy-loading-not-3305 attachment-masonry size-masonry wp-post-image\" alt=\"\" srcset=\"https:\/\/www.azulmusic.com.br\/en\/wp-content\/uploads\/2023\/09\/AMDA1863_AfterADream_MenesesBudu-705x705.jpg 705w, https:\/\/www.azulmusic.com.br\/en\/wp-content\/uploads\/2023\/09\/AMDA1863_AfterADream_MenesesBudu-300x300.jpg 300w, https:\/\/www.azulmusic.com.br\/en\/wp-content\/uploads\/2023\/09\/AMDA1863_AfterADream_MenesesBudu-1030x1030.jpg 1030w, https:\/\/www.azulmusic.com.br\/en\/wp-content\/uploads\/2023\/09\/AMDA1863_AfterADream_MenesesBudu-80x80.jpg 80w, https:\/\/www.azulmusic.com.br\/en\/wp-content\/uploads\/2023\/09\/AMDA1863_AfterADream_MenesesBudu-768x768.jpg 768w, https:\/\/www.azulmusic.com.br\/en\/wp-content\/uploads\/2023\/09\/AMDA1863_AfterADream_MenesesBudu-1536x1536.jpg 1536w, https:\/\/www.azulmusic.com.br\/en\/wp-content\/uploads\/2023\/09\/AMDA1863_AfterADream_MenesesBudu-2048x2048.jpg 2048w, https:\/\/www.azulmusic.com.br\/en\/wp-content\/uploads\/2023\/09\/AMDA1863_AfterADream_MenesesBudu-36x36.jpg 36w, https:\/\/www.azulmusic.com.br\/en\/wp-content\/uploads\/2023\/09\/AMDA1863_AfterADream_MenesesBudu-180x180.jpg 180w, https:\/\/www.azulmusic.com.br\/en\/wp-content\/uploads\/2023\/09\/AMDA1863_AfterADream_MenesesBudu-1500x1500.jpg 1500w, https:\/\/www.azulmusic.com.br\/en\/wp-content\/uploads\/2023\/09\/AMDA1863_AfterADream_MenesesBudu-495x495.jpg 495w, https:\/\/www.azulmusic.com.br\/en\/wp-content\/uploads\/2023\/09\/AMDA1863_AfterADream_MenesesBudu-260x260.jpg 260w\" sizes=\"(max-width: 705px) 100vw, 705px\" \/><\/a><div class='slide-content'><header class=\"entry-content-header\"><h3 class='slide-entry-title entry-title '  itemprop=\"headline\" ><a href='https:\/\/www.azulmusic.com.br\/en\/portfolio-item\/after-a-dream\/' title='After a Dream'>After a Dream<\/a><\/h3><span class=\"blog-categories minor-meta\"><a href=\"https:\/\/www.azulmusic.com.br\/en\/portfolio_entries\/antonio-meneses\/\" rel=\"tag\">Antonio Meneses<\/a>, <a href=\"https:\/\/www.azulmusic.com.br\/en\/portfolio_entries\/cristian-budu\/\" rel=\"tag\">Cristian Budu<\/a> <\/span><span class=\"av-vertical-delimiter\"><\/span><\/header><div class='slide-meta'><time class='slide-meta-time updated'  itemprop=\"datePublished\" datetime=\"2023-09-01T10:57:43-03:00\" >September 1, 2023<\/time><\/div><div class='slide-entry-excerpt entry-content'  itemprop=\"text\" >Two classical music exponents join forces for the first time on an album dedicated to French repertoire performed on cello and piano.<\/div><\/div><footer class=\"entry-footer\"><\/footer><span class='hidden'>\n\t\t\t\t<span class='av-structured-data'  itemprop=\"image\" itemscope=\"itemscope\" itemtype=\"https:\/\/schema.org\/ImageObject\" >\n\t\t\t\t\t\t<span itemprop='url'>https:\/\/www.azulmusic.com.br\/en\/wp-content\/uploads\/2023\/09\/AMDA1863_AfterADream_MenesesBudu-scaled.jpg<\/span>\n\t\t\t\t\t\t<span itemprop='height'>2560<\/span>\n\t\t\t\t\t\t<span itemprop='width'>2560<\/span>\n\t\t\t\t<\/span>\n\t\t\t\t<span class='av-structured-data'  itemprop=\"publisher\" itemtype=\"https:\/\/schema.org\/Organization\" itemscope=\"itemscope\" >\n\t\t\t\t\t\t<span itemprop='name'>azulmusic<\/span>\n\t\t\t\t\t\t<span itemprop='logo' itemscope itemtype='https:\/\/schema.org\/ImageObject'>\n\t\t\t\t\t\t\t<span itemprop='url'>https:\/\/azulmusicnovo1.websiteseguro.com\/wp-content\/uploads\/2021\/05\/logo-prata-m3-467x500.png<\/span>\n\t\t\t\t\t\t <\/span>\n\t\t\t\t<\/span><span class='av-structured-data'  itemprop=\"author\" itemscope=\"itemscope\" itemtype=\"https:\/\/schema.org\/Person\" ><span itemprop='name'>azulmusic<\/span><\/span><span class='av-structured-data'  itemprop=\"datePublished\" datetime=\"2023-07-13T14:16:09-03:00\" >2023-09-01 10:57:43<\/span><span class='av-structured-data'  itemprop=\"dateModified\" itemtype=\"https:\/\/schema.org\/dateModified\" >2026-02-05 12:26:06<\/span><span class='av-structured-data'  itemprop=\"mainEntityOfPage\" itemtype=\"https:\/\/schema.org\/mainEntityOfPage\" ><span itemprop='name'>After a Dream<\/span><\/span><\/span><\/article><\/div><\/div><\/div>\n<div   class='hr hr-default   avia-builder-el-7  el_after_av_postslider  el_before_av_hr '><span class='hr-inner ' ><span class='hr-inner-style'><\/span><\/span><\/div>\n<div   class='hr hr-default   avia-builder-el-8  el_after_av_hr  avia-builder-el-last '><span class='hr-inner ' ><span class='hr-inner-style'><\/span><\/span><\/div>\n","protected":false},"excerpt":{"rendered":"","protected":false},"featured_media":3246,"comment_status":"open","ping_status":"closed","template":"","tags":[5],"portfolio_entries":[],"class_list":["post-3244","portfolio","type-portfolio","status-publish","has-post-thumbnail","hentry","tag-artists"],"_links":{"self":[{"href":"https:\/\/www.azulmusic.com.br\/en\/wp-json\/wp\/v2\/portfolio\/3244","targetHints":{"allow":["GET"]}}],"collection":[{"href":"https:\/\/www.azulmusic.com.br\/en\/wp-json\/wp\/v2\/portfolio"}],"about":[{"href":"https:\/\/www.azulmusic.com.br\/en\/wp-json\/wp\/v2\/types\/portfolio"}],"replies":[{"embeddable":true,"href":"https:\/\/www.azulmusic.com.br\/en\/wp-json\/wp\/v2\/comments?post=3244"}],"version-history":[{"count":2,"href":"https:\/\/www.azulmusic.com.br\/en\/wp-json\/wp\/v2\/portfolio\/3244\/revisions"}],"predecessor-version":[{"id":3335,"href":"https:\/\/www.azulmusic.com.br\/en\/wp-json\/wp\/v2\/portfolio\/3244\/revisions\/3335"}],"wp:featuredmedia":[{"embeddable":true,"href":"https:\/\/www.azulmusic.com.br\/en\/wp-json\/wp\/v2\/media\/3246"}],"wp:attachment":[{"href":"https:\/\/www.azulmusic.com.br\/en\/wp-json\/wp\/v2\/media?parent=3244"}],"wp:term":[{"taxonomy":"post_tag","embeddable":true,"href":"https:\/\/www.azulmusic.com.br\/en\/wp-json\/wp\/v2\/tags?post=3244"},{"taxonomy":"portfolio_entries","embeddable":true,"href":"https:\/\/www.azulmusic.com.br\/en\/wp-json\/wp\/v2\/portfolio_entries?post=3244"}],"curies":[{"name":"wp","href":"https:\/\/api.w.org\/{rel}","templated":true}]}}

<div class="flex_column av_one_third  flex_column_div av-zero-column-padding first  avia-builder-el-0  el_before_av_two_third  avia-builder-el-first  " style='border-radius:0px; '><div  class='avia-image-container avia_animated_image avia_animate_when_almost_visible av-rotateInUpLeft av-styling- av-hover-grow   avia-builder-el-1  avia-builder-el-no-sibling  avia-align-center '  itemprop="image" itemscope="itemscope" itemtype="https://schema.org/ImageObject"  ><div class='avia-image-container-inner'><div class='avia-image-overlay-wrap'><img decoding="async" class='wp-image-3246 avia-img-lazy-loading-not-3246 avia_image' src="https://www.azulmusic.com.br/en/wp-content/uploads/2023/07/CristianBudu.jpg" alt='' title='CristianBudu' height="1024" width="768"  itemprop="thumbnailUrl" srcset="https://www.azulmusic.com.br/en/wp-content/uploads/2023/07/CristianBudu.jpg 768w, https://www.azulmusic.com.br/en/wp-content/uploads/2023/07/CristianBudu-225x300.jpg 225w, https://www.azulmusic.com.br/en/wp-content/uploads/2023/07/CristianBudu-529x705.jpg 529w" sizes="(max-width: 768px) 100vw, 768px" /></div></div></div></div>
<div class="flex_column av_two_third  flex_column_div av-zero-column-padding   avia-builder-el-2  el_after_av_one_third  el_before_av_heading  " style='border-radius:0px; '><p><div  style='padding-bottom:10px; ' class='av-special-heading av-special-heading-h1  blockquote modern-quote  avia-builder-el-3  el_before_av_textblock  avia-builder-el-first  '><h1 class='av-special-heading-tag '  itemprop="headline"  >Cristian Budu</h1><div class='special-heading-border'><div class='special-heading-inner-border' ></div></div></div><br />
<section class="av_textblock_section "  itemscope="itemscope" itemtype="https://schema.org/CreativeWork" ><div class='avia_textblock  '   itemprop="text" ><p class="Type__TypeElement-sc-goli3j-0 bGcjcI" data-encore-id="type">Hailed by <em>Gramophone</em> as &#8220;an impressively original pianist, with musical maturity and understanding that would make colleagues twice his age envious&#8221;, Cristian Budu has received high praise from the renowned pianist Nelson Freire, who believed Budu would be his successor.</p>
<p class="Type__TypeElement-sc-goli3j-0 bGcjcI" data-encore-id="type">He has established himself as one of the leading figures among the new generation of classical musicians, winning the prestigious Clara Haskil International Competition in Switzerland, considered the most important accolade for a Brazilian pianist in the last 30 years. Budu&#8217;s achievements include being Instrumentalist of the Year by APCA, Best Concert of the Year in Guia da Folha and earning a place on Gramophone&#8217;s prestigious list of the &#8220;Top 50 Greatest Chopin Recordings”. He has performed with renowned classical musicians, such as Renaud Capuçon and Antonio Meneses, and collaborated with members of the Berlin Philharmonic.</p>
<p class="Type__TypeElement-sc-goli3j-0 bGcjcI" data-encore-id="type">Budu also has appeared as a soloist with orchestras worldwide and performed in prestigious venues and festivals across the globe. As the son of Romanian parents, Budu grew up in Diadema, Brazil, and received his musical education at the Fundação das Artes de São Caetano do Sul. He has been involved in various musical projects and social initiatives, aiming to democratize access to classical music. Budu holds a degree in music from the University of São Paulo and an Artist Diploma from the New England Conservatory in Boston.</p>
</div></section></p></div>
<div  style='padding-bottom:10px; margin-bottom: 30px;' class='av-special-heading av-special-heading-h1  blockquote modern-quote  avia-builder-el-5  el_after_av_two_third  el_before_av_postslider  '><h1 class='av-special-heading-tag '  itemprop="headline"  >ALBUMS</h1><div class='special-heading-border'><div class='special-heading-inner-border' ></div></div></div>
<div   data-autoplay=''  data-interval='5'  data-animation='fade'  data-show_slide_delay='90'  class='avia-content-slider avia-content-slider-active avia-content-slider1 avia-content-slider-odd  avia-builder-el-6  el_after_av_heading  el_before_av_hr  '  itemscope="itemscope" itemtype="https://schema.org/Blog" ><div class='avia-content-slider-inner'><div class='slide-entry-wrap'><article class='slide-entry flex_column  post-entry post-entry-3304 slide-entry-overview slide-loop-1 slide-parity-odd  post-entry-last  av_one_fifth first real-thumbnail post-format-standard'  itemscope="itemscope" itemtype="https://schema.org/CreativeWork" ><a href='https://www.azulmusic.com.br/en/portfolio-item/after-a-dream/' data-rel='slide-1' class='slide-image' title='After a Dream'><img decoding="async" width="705" height="705" src="https://www.azulmusic.com.br/en/wp-content/uploads/2023/09/AMDA1863_AfterADream_MenesesBudu-705x705.jpg" class="wp-image-3305 avia-img-lazy-loading-not-3305 attachment-masonry size-masonry wp-post-image" alt="" srcset="https://www.azulmusic.com.br/en/wp-content/uploads/2023/09/AMDA1863_AfterADream_MenesesBudu-705x705.jpg 705w, https://www.azulmusic.com.br/en/wp-content/uploads/2023/09/AMDA1863_AfterADream_MenesesBudu-300x300.jpg 300w, https://www.azulmusic.com.br/en/wp-content/uploads/2023/09/AMDA1863_AfterADream_MenesesBudu-1030x1030.jpg 1030w, https://www.azulmusic.com.br/en/wp-content/uploads/2023/09/AMDA1863_AfterADream_MenesesBudu-80x80.jpg 80w, https://www.azulmusic.com.br/en/wp-content/uploads/2023/09/AMDA1863_AfterADream_MenesesBudu-768x768.jpg 768w, https://www.azulmusic.com.br/en/wp-content/uploads/2023/09/AMDA1863_AfterADream_MenesesBudu-1536x1536.jpg 1536w, https://www.azulmusic.com.br/en/wp-content/uploads/2023/09/AMDA1863_AfterADream_MenesesBudu-2048x2048.jpg 2048w, https://www.azulmusic.com.br/en/wp-content/uploads/2023/09/AMDA1863_AfterADream_MenesesBudu-36x36.jpg 36w, https://www.azulmusic.com.br/en/wp-content/uploads/2023/09/AMDA1863_AfterADream_MenesesBudu-180x180.jpg 180w, https://www.azulmusic.com.br/en/wp-content/uploads/2023/09/AMDA1863_AfterADream_MenesesBudu-1500x1500.jpg 1500w, https://www.azulmusic.com.br/en/wp-content/uploads/2023/09/AMDA1863_AfterADream_MenesesBudu-495x495.jpg 495w, https://www.azulmusic.com.br/en/wp-content/uploads/2023/09/AMDA1863_AfterADream_MenesesBudu-260x260.jpg 260w" sizes="(max-width: 705px) 100vw, 705px" /></a><div class='slide-content'><header class="entry-content-header"><h3 class='slide-entry-title entry-title '  itemprop="headline" ><a href='https://www.azulmusic.com.br/en/portfolio-item/after-a-dream/' title='After a Dream'>After a Dream</a></h3><span class="blog-categories minor-meta"><a href="https://www.azulmusic.com.br/en/portfolio_entries/antonio-meneses/" rel="tag">Antonio Meneses</a>, <a href="https://www.azulmusic.com.br/en/portfolio_entries/cristian-budu/" rel="tag">Cristian Budu</a> </span><span class="av-vertical-delimiter"></span></header><div class='slide-meta'><time class='slide-meta-time updated'  itemprop="datePublished" datetime="2023-09-01T10:57:43-03:00" >September 1, 2023</time></div><div class='slide-entry-excerpt entry-content'  itemprop="text" >Two classical music exponents join forces for the first time on an album dedicated to French repertoire performed on cello and piano.</div></div><footer class="entry-footer"></footer><span class='hidden'>
				<span class='av-structured-data'  itemprop="image" itemscope="itemscope" itemtype="https://schema.org/ImageObject" >
						<span itemprop='url'>https://www.azulmusic.com.br/en/wp-content/uploads/2023/09/AMDA1863_AfterADream_MenesesBudu-scaled.jpg</span>
						<span itemprop='height'>2560</span>
						<span itemprop='width'>2560</span>
				</span>
				<span class='av-structured-data'  itemprop="publisher" itemtype="https://schema.org/Organization" itemscope="itemscope" >
						<span itemprop='name'>azulmusic</span>
						<span itemprop='logo' itemscope itemtype='https://schema.org/ImageObject'>
							<span itemprop='url'>https://azulmusicnovo1.websiteseguro.com/wp-content/uploads/2021/05/logo-prata-m3-467x500.png</span>
						 </span>
				</span><span class='av-structured-data'  itemprop="author" itemscope="itemscope" itemtype="https://schema.org/Person" ><span itemprop='name'>azulmusic</span></span><span class='av-structured-data'  itemprop="datePublished" datetime="2023-07-13T14:16:09-03:00" >2023-09-01 10:57:43</span><span class='av-structured-data'  itemprop="dateModified" itemtype="https://schema.org/dateModified" >2026-02-05 12:26:06</span><span class='av-structured-data'  itemprop="mainEntityOfPage" itemtype="https://schema.org/mainEntityOfPage" ><span itemprop='name'>After a Dream</span></span></span></article></div></div></div>
<div   class='hr hr-default   avia-builder-el-7  el_after_av_postslider  el_before_av_hr '><span class='hr-inner ' ><span class='hr-inner-style'></span></span></div>
<div   class='hr hr-default   avia-builder-el-8  el_after_av_hr  avia-builder-el-last '><span class='hr-inner ' ><span class='hr-inner-style'></span></span></div>
