{"id":3260,"date":"2023-07-14T10:11:41","date_gmt":"2023-07-14T13:11:41","guid":{"rendered":"https:\/\/www.azulmusic.com.br\/en\/?post_type=portfolio&#038;p=3260"},"modified":"2023-07-14T10:11:44","modified_gmt":"2023-07-14T13:11:44","slug":"rodrigo-vitta","status":"publish","type":"portfolio","link":"https:\/\/www.azulmusic.com.br\/en\/portfolio-item\/rodrigo-vitta\/","title":{"rendered":"Rodrigo Vitta"},"content":{"rendered":"<div class=\"flex_column av_one_third  flex_column_div av-zero-column-padding first  avia-builder-el-0  el_before_av_two_third  avia-builder-el-first  \" style='border-radius:0px; '><div  class='avia-image-container avia_animated_image avia_animate_when_almost_visible av-rotateInUpLeft av-styling- av-hover-grow   avia-builder-el-1  avia-builder-el-no-sibling  avia-align-center '  itemprop=\"image\" itemscope=\"itemscope\" itemtype=\"https:\/\/schema.org\/ImageObject\"  ><div class='avia-image-container-inner'><div class='avia-image-overlay-wrap'><img decoding=\"async\" class='wp-image-3251 avia-img-lazy-loading-not-3251 avia_image' src=\"https:\/\/www.azulmusic.com.br\/en\/wp-content\/uploads\/2023\/07\/RodrigoVitta.jpg\" alt='' title='RodrigoVitta' height=\"1024\" width=\"768\"  itemprop=\"thumbnailUrl\" srcset=\"https:\/\/www.azulmusic.com.br\/en\/wp-content\/uploads\/2023\/07\/RodrigoVitta.jpg 768w, https:\/\/www.azulmusic.com.br\/en\/wp-content\/uploads\/2023\/07\/RodrigoVitta-225x300.jpg 225w, https:\/\/www.azulmusic.com.br\/en\/wp-content\/uploads\/2023\/07\/RodrigoVitta-529x705.jpg 529w\" sizes=\"(max-width: 768px) 100vw, 768px\" \/><\/div><\/div><\/div><\/div>\n<div class=\"flex_column av_two_third  flex_column_div av-zero-column-padding   avia-builder-el-2  el_after_av_one_third  el_before_av_heading  \" style='border-radius:0px; '><p><div  style='padding-bottom:10px; ' class='av-special-heading av-special-heading-h1  blockquote modern-quote  avia-builder-el-3  el_before_av_textblock  avia-builder-el-first  '><h1 class='av-special-heading-tag '  itemprop=\"headline\"  >Rodrigo Vitta<\/h1><div class='special-heading-border'><div class='special-heading-inner-border' ><\/div><\/div><\/div><br \/>\n<section class=\"av_textblock_section \"  itemscope=\"itemscope\" itemtype=\"https:\/\/schema.org\/CreativeWork\" ><div class='avia_textblock  '   itemprop=\"text\" ><p>Born in S\u00e3o Paulo, Vitta holds a Master&#8217;s degree in Communication and Semiotics from PUC\/SP and a Bachelor&#8217;s degree in Composition from FMU\/FIAMFAAM. He is currently a professor at FMU\/FIAMFAAM University, a postgraduate professor at IBFE, and the founder of the online School of Art and Music, <em>STUDIO VITTA<\/em>. Vitta is also the conductor of the Eleazar de Carvalho Festival, the Metropolitan Orchestra (BRA), the FMU Orchestra, and the pianist of the Quarteto Novas Tend\u00eancias.<\/p>\n<p>He has received composition awards such as the <em>TINTA FRESCA<\/em> Competition in 2013 by the Philharmonic Orchestra of Minas Gerais, the National Composition Competition Claudio Santoro in 2005 by the Brazilian Academy of Music\/RJ, the National Composition Competition for Symphony Band of the State of S\u00e3o Paulo in 2001, and the National Composition Competition in 2000 by the Recife Symphony Orchestra. All of these awards were for his symphonies for orchestra, which were recorded and recognized.<\/p>\n<p>His music has been recorded by the Recife Symphony Orchestra, Quarteto de Viol\u00f5es<br \/>\nQuaternaglia, Quarteto Toccata, Grupo AUM, Quarteto Novas Tend\u00eancias, and currently, his piano preludes &#8220;Brazilian Fruits&#8221; by pianist Olga Kopylova.<\/p>\n<p>As a conductor, he was the director of the Cubat\u00e3o Symphony Band and assistant conductor of the Santos Symphony Orchestra. He has undertaken important works such as the<em> S\u00e9rie Movimento Viol\u00e3o Sinf\u00f4nico<\/em>, recorded by TV SESC\/SP, the musical <em>Do Hip Hop ao Erudito da Samba<\/em> at SESC Pomp\u00e9ia, the<em> III Festival L\u00edrico<\/em> in Montevideo at the Sol\u00eds Theater with the Montevideo Philharmonic Orchestra, dance performances with Ballet Sopro <em>\u00c1gape<\/em>, <em>Quarteto para os fins dos tempos e Natureza<\/em>, all promoted by SESC-SP, and concerts for the Eleazar de Carvalho Festival in Fortaleza\/SP and Eleazar de Carvalho Week organized by the OSESP Foundation, held at the Sala S\u00e3o Paulo.<\/p>\n<\/div><\/section><\/p><\/div><div  style='padding-bottom:10px; margin-bottom: 30px;' class='av-special-heading av-special-heading-h1  blockquote modern-quote  avia-builder-el-5  el_after_av_two_third  el_before_av_postslider  '><h1 class='av-special-heading-tag '  itemprop=\"headline\"  >ALBUMS<\/h1><div class='special-heading-border'><div class='special-heading-inner-border' ><\/div><\/div><\/div><\/p>\n<div   data-autoplay=''  data-interval='5'  data-animation='fade'  data-show_slide_delay='90'  class='avia-content-slider avia-content-slider-active avia-content-slider1 avia-content-slider-odd  avia-builder-el-6  el_after_av_heading  el_before_av_hr  '  itemscope=\"itemscope\" itemtype=\"https:\/\/schema.org\/Blog\" ><div class='avia-content-slider-inner'><div class='slide-entry-wrap'><article class='slide-entry flex_column  post-entry post-entry-3163 slide-entry-overview slide-loop-1 slide-parity-odd  post-entry-last  av_one_fifth first real-thumbnail post-format-standard'  itemscope=\"itemscope\" itemtype=\"https:\/\/schema.org\/CreativeWork\" ><a href='https:\/\/www.azulmusic.com.br\/en\/portfolio-item\/brazilian-fruits\/' data-rel='slide-1' class='slide-image' title='Brazilian Fruits'><img decoding=\"async\" width=\"705\" height=\"705\" src=\"https:\/\/www.azulmusic.com.br\/en\/wp-content\/uploads\/2023\/06\/AMDA1848_BrazilianFruits_OlgaKopylovaRodrigoVitta-705x705.jpg\" class=\"wp-image-3164 avia-img-lazy-loading-not-3164 attachment-masonry size-masonry wp-post-image\" alt=\"\" srcset=\"https:\/\/www.azulmusic.com.br\/en\/wp-content\/uploads\/2023\/06\/AMDA1848_BrazilianFruits_OlgaKopylovaRodrigoVitta-705x705.jpg 705w, https:\/\/www.azulmusic.com.br\/en\/wp-content\/uploads\/2023\/06\/AMDA1848_BrazilianFruits_OlgaKopylovaRodrigoVitta-300x300.jpg 300w, https:\/\/www.azulmusic.com.br\/en\/wp-content\/uploads\/2023\/06\/AMDA1848_BrazilianFruits_OlgaKopylovaRodrigoVitta-1030x1030.jpg 1030w, https:\/\/www.azulmusic.com.br\/en\/wp-content\/uploads\/2023\/06\/AMDA1848_BrazilianFruits_OlgaKopylovaRodrigoVitta-80x80.jpg 80w, https:\/\/www.azulmusic.com.br\/en\/wp-content\/uploads\/2023\/06\/AMDA1848_BrazilianFruits_OlgaKopylovaRodrigoVitta-768x768.jpg 768w, https:\/\/www.azulmusic.com.br\/en\/wp-content\/uploads\/2023\/06\/AMDA1848_BrazilianFruits_OlgaKopylovaRodrigoVitta-1536x1536.jpg 1536w, https:\/\/www.azulmusic.com.br\/en\/wp-content\/uploads\/2023\/06\/AMDA1848_BrazilianFruits_OlgaKopylovaRodrigoVitta-2048x2048.jpg 2048w, https:\/\/www.azulmusic.com.br\/en\/wp-content\/uploads\/2023\/06\/AMDA1848_BrazilianFruits_OlgaKopylovaRodrigoVitta-36x36.jpg 36w, https:\/\/www.azulmusic.com.br\/en\/wp-content\/uploads\/2023\/06\/AMDA1848_BrazilianFruits_OlgaKopylovaRodrigoVitta-180x180.jpg 180w, https:\/\/www.azulmusic.com.br\/en\/wp-content\/uploads\/2023\/06\/AMDA1848_BrazilianFruits_OlgaKopylovaRodrigoVitta-1500x1500.jpg 1500w, https:\/\/www.azulmusic.com.br\/en\/wp-content\/uploads\/2023\/06\/AMDA1848_BrazilianFruits_OlgaKopylovaRodrigoVitta-495x495.jpg 495w, https:\/\/www.azulmusic.com.br\/en\/wp-content\/uploads\/2023\/06\/AMDA1848_BrazilianFruits_OlgaKopylovaRodrigoVitta-260x260.jpg 260w\" sizes=\"(max-width: 705px) 100vw, 705px\" \/><\/a><div class='slide-content'><header class=\"entry-content-header\"><h3 class='slide-entry-title entry-title '  itemprop=\"headline\" ><a href='https:\/\/www.azulmusic.com.br\/en\/portfolio-item\/brazilian-fruits\/' title='Brazilian Fruits'>Brazilian Fruits<\/a><\/h3><span class=\"blog-categories minor-meta\"><a href=\"https:\/\/www.azulmusic.com.br\/en\/portfolio_entries\/olga-kopylova\/\" rel=\"tag\">Olga Kopylova<\/a>, <a href=\"https:\/\/www.azulmusic.com.br\/en\/portfolio_entries\/rodrigo-vitta\/\" rel=\"tag\">Rodrigo Vitta<\/a> <\/span><span class=\"av-vertical-delimiter\"><\/span><\/header><div class='slide-meta'><time class='slide-meta-time updated'  itemprop=\"datePublished\" datetime=\"2023-06-23T11:46:06-03:00\" >June 23, 2023<\/time><\/div><div class='slide-entry-excerpt entry-content'  itemprop=\"text\" >Presenting a set of unpublished works, the pianist pays homage to the 30-year artistic career of the S\u00e3o Paulo composer and conductor.<\/div><\/div><footer class=\"entry-footer\"><\/footer><span class='hidden'>\n\t\t\t\t<span class='av-structured-data'  itemprop=\"image\" itemscope=\"itemscope\" itemtype=\"https:\/\/schema.org\/ImageObject\" >\n\t\t\t\t\t\t<span itemprop='url'>https:\/\/www.azulmusic.com.br\/en\/wp-content\/uploads\/2023\/06\/AMDA1848_BrazilianFruits_OlgaKopylovaRodrigoVitta-scaled.jpg<\/span>\n\t\t\t\t\t\t<span itemprop='height'>2560<\/span>\n\t\t\t\t\t\t<span itemprop='width'>2560<\/span>\n\t\t\t\t<\/span>\n\t\t\t\t<span class='av-structured-data'  itemprop=\"publisher\" itemtype=\"https:\/\/schema.org\/Organization\" itemscope=\"itemscope\" >\n\t\t\t\t\t\t<span itemprop='name'>azulmusic<\/span>\n\t\t\t\t\t\t<span itemprop='logo' itemscope itemtype='https:\/\/schema.org\/ImageObject'>\n\t\t\t\t\t\t\t<span itemprop='url'>https:\/\/azulmusicnovo1.websiteseguro.com\/wp-content\/uploads\/2021\/05\/logo-prata-m3-467x500.png<\/span>\n\t\t\t\t\t\t <\/span>\n\t\t\t\t<\/span><span class='av-structured-data'  itemprop=\"author\" itemscope=\"itemscope\" itemtype=\"https:\/\/schema.org\/Person\" ><span itemprop='name'>azulmusic<\/span><\/span><span class='av-structured-data'  itemprop=\"datePublished\" datetime=\"2023-07-14T10:11:41-03:00\" >2023-06-23 11:46:06<\/span><span class='av-structured-data'  itemprop=\"dateModified\" itemtype=\"https:\/\/schema.org\/dateModified\" >2026-02-05 12:25:42<\/span><span class='av-structured-data'  itemprop=\"mainEntityOfPage\" itemtype=\"https:\/\/schema.org\/mainEntityOfPage\" ><span itemprop='name'>Brazilian Fruits<\/span><\/span><\/span><\/article><\/div><\/div><\/div>\n<div   class='hr hr-default   avia-builder-el-7  el_after_av_postslider  el_before_av_hr '><span class='hr-inner ' ><span class='hr-inner-style'><\/span><\/span><\/div>\n<div   class='hr hr-default   avia-builder-el-8  el_after_av_hr  avia-builder-el-last '><span class='hr-inner ' ><span class='hr-inner-style'><\/span><\/span><\/div>\n","protected":false},"excerpt":{"rendered":"","protected":false},"featured_media":3251,"comment_status":"open","ping_status":"closed","template":"","tags":[5],"portfolio_entries":[],"class_list":["post-3260","portfolio","type-portfolio","status-publish","has-post-thumbnail","hentry","tag-artists"],"_links":{"self":[{"href":"https:\/\/www.azulmusic.com.br\/en\/wp-json\/wp\/v2\/portfolio\/3260","targetHints":{"allow":["GET"]}}],"collection":[{"href":"https:\/\/www.azulmusic.com.br\/en\/wp-json\/wp\/v2\/portfolio"}],"about":[{"href":"https:\/\/www.azulmusic.com.br\/en\/wp-json\/wp\/v2\/types\/portfolio"}],"replies":[{"embeddable":true,"href":"https:\/\/www.azulmusic.com.br\/en\/wp-json\/wp\/v2\/comments?post=3260"}],"version-history":[{"count":2,"href":"https:\/\/www.azulmusic.com.br\/en\/wp-json\/wp\/v2\/portfolio\/3260\/revisions"}],"predecessor-version":[{"id":3274,"href":"https:\/\/www.azulmusic.com.br\/en\/wp-json\/wp\/v2\/portfolio\/3260\/revisions\/3274"}],"wp:featuredmedia":[{"embeddable":true,"href":"https:\/\/www.azulmusic.com.br\/en\/wp-json\/wp\/v2\/media\/3251"}],"wp:attachment":[{"href":"https:\/\/www.azulmusic.com.br\/en\/wp-json\/wp\/v2\/media?parent=3260"}],"wp:term":[{"taxonomy":"post_tag","embeddable":true,"href":"https:\/\/www.azulmusic.com.br\/en\/wp-json\/wp\/v2\/tags?post=3260"},{"taxonomy":"portfolio_entries","embeddable":true,"href":"https:\/\/www.azulmusic.com.br\/en\/wp-json\/wp\/v2\/portfolio_entries?post=3260"}],"curies":[{"name":"wp","href":"https:\/\/api.w.org\/{rel}","templated":true}]}}

<div class="flex_column av_one_third  flex_column_div av-zero-column-padding first  avia-builder-el-0  el_before_av_two_third  avia-builder-el-first  " style='border-radius:0px; '><div  class='avia-image-container avia_animated_image avia_animate_when_almost_visible av-rotateInUpLeft av-styling- av-hover-grow   avia-builder-el-1  avia-builder-el-no-sibling  avia-align-center '  itemprop="image" itemscope="itemscope" itemtype="https://schema.org/ImageObject"  ><div class='avia-image-container-inner'><div class='avia-image-overlay-wrap'><img decoding="async" class='wp-image-3251 avia-img-lazy-loading-not-3251 avia_image' src="https://www.azulmusic.com.br/en/wp-content/uploads/2023/07/RodrigoVitta.jpg" alt='' title='RodrigoVitta' height="1024" width="768"  itemprop="thumbnailUrl" srcset="https://www.azulmusic.com.br/en/wp-content/uploads/2023/07/RodrigoVitta.jpg 768w, https://www.azulmusic.com.br/en/wp-content/uploads/2023/07/RodrigoVitta-225x300.jpg 225w, https://www.azulmusic.com.br/en/wp-content/uploads/2023/07/RodrigoVitta-529x705.jpg 529w" sizes="(max-width: 768px) 100vw, 768px" /></div></div></div></div>
<div class="flex_column av_two_third  flex_column_div av-zero-column-padding   avia-builder-el-2  el_after_av_one_third  el_before_av_heading  " style='border-radius:0px; '><p><div  style='padding-bottom:10px; ' class='av-special-heading av-special-heading-h1  blockquote modern-quote  avia-builder-el-3  el_before_av_textblock  avia-builder-el-first  '><h1 class='av-special-heading-tag '  itemprop="headline"  >Rodrigo Vitta</h1><div class='special-heading-border'><div class='special-heading-inner-border' ></div></div></div><br />
<section class="av_textblock_section "  itemscope="itemscope" itemtype="https://schema.org/CreativeWork" ><div class='avia_textblock  '   itemprop="text" ><p>Born in São Paulo, Vitta holds a Master&#8217;s degree in Communication and Semiotics from PUC/SP and a Bachelor&#8217;s degree in Composition from FMU/FIAMFAAM. He is currently a professor at FMU/FIAMFAAM University, a postgraduate professor at IBFE, and the founder of the online School of Art and Music, <em>STUDIO VITTA</em>. Vitta is also the conductor of the Eleazar de Carvalho Festival, the Metropolitan Orchestra (BRA), the FMU Orchestra, and the pianist of the Quarteto Novas Tendências.</p>
<p>He has received composition awards such as the <em>TINTA FRESCA</em> Competition in 2013 by the Philharmonic Orchestra of Minas Gerais, the National Composition Competition Claudio Santoro in 2005 by the Brazilian Academy of Music/RJ, the National Composition Competition for Symphony Band of the State of São Paulo in 2001, and the National Composition Competition in 2000 by the Recife Symphony Orchestra. All of these awards were for his symphonies for orchestra, which were recorded and recognized.</p>
<p>His music has been recorded by the Recife Symphony Orchestra, Quarteto de Violões<br />
Quaternaglia, Quarteto Toccata, Grupo AUM, Quarteto Novas Tendências, and currently, his piano preludes &#8220;Brazilian Fruits&#8221; by pianist Olga Kopylova.</p>
<p>As a conductor, he was the director of the Cubatão Symphony Band and assistant conductor of the Santos Symphony Orchestra. He has undertaken important works such as the<em> Série Movimento Violão Sinfônico</em>, recorded by TV SESC/SP, the musical <em>Do Hip Hop ao Erudito da Samba</em> at SESC Pompéia, the<em> III Festival Lírico</em> in Montevideo at the Solís Theater with the Montevideo Philharmonic Orchestra, dance performances with Ballet Sopro <em>Ágape</em>, <em>Quarteto para os fins dos tempos e Natureza</em>, all promoted by SESC-SP, and concerts for the Eleazar de Carvalho Festival in Fortaleza/SP and Eleazar de Carvalho Week organized by the OSESP Foundation, held at the Sala São Paulo.</p>
</div></section></p></div><div  style='padding-bottom:10px; margin-bottom: 30px;' class='av-special-heading av-special-heading-h1  blockquote modern-quote  avia-builder-el-5  el_after_av_two_third  el_before_av_postslider  '><h1 class='av-special-heading-tag '  itemprop="headline"  >ALBUMS</h1><div class='special-heading-border'><div class='special-heading-inner-border' ></div></div></div></p>
<div   data-autoplay=''  data-interval='5'  data-animation='fade'  data-show_slide_delay='90'  class='avia-content-slider avia-content-slider-active avia-content-slider1 avia-content-slider-odd  avia-builder-el-6  el_after_av_heading  el_before_av_hr  '  itemscope="itemscope" itemtype="https://schema.org/Blog" ><div class='avia-content-slider-inner'><div class='slide-entry-wrap'><article class='slide-entry flex_column  post-entry post-entry-3163 slide-entry-overview slide-loop-1 slide-parity-odd  post-entry-last  av_one_fifth first real-thumbnail post-format-standard'  itemscope="itemscope" itemtype="https://schema.org/CreativeWork" ><a href='https://www.azulmusic.com.br/en/portfolio-item/brazilian-fruits/' data-rel='slide-1' class='slide-image' title='Brazilian Fruits'><img decoding="async" width="705" height="705" src="https://www.azulmusic.com.br/en/wp-content/uploads/2023/06/AMDA1848_BrazilianFruits_OlgaKopylovaRodrigoVitta-705x705.jpg" class="wp-image-3164 avia-img-lazy-loading-not-3164 attachment-masonry size-masonry wp-post-image" alt="" srcset="https://www.azulmusic.com.br/en/wp-content/uploads/2023/06/AMDA1848_BrazilianFruits_OlgaKopylovaRodrigoVitta-705x705.jpg 705w, https://www.azulmusic.com.br/en/wp-content/uploads/2023/06/AMDA1848_BrazilianFruits_OlgaKopylovaRodrigoVitta-300x300.jpg 300w, https://www.azulmusic.com.br/en/wp-content/uploads/2023/06/AMDA1848_BrazilianFruits_OlgaKopylovaRodrigoVitta-1030x1030.jpg 1030w, https://www.azulmusic.com.br/en/wp-content/uploads/2023/06/AMDA1848_BrazilianFruits_OlgaKopylovaRodrigoVitta-80x80.jpg 80w, https://www.azulmusic.com.br/en/wp-content/uploads/2023/06/AMDA1848_BrazilianFruits_OlgaKopylovaRodrigoVitta-768x768.jpg 768w, https://www.azulmusic.com.br/en/wp-content/uploads/2023/06/AMDA1848_BrazilianFruits_OlgaKopylovaRodrigoVitta-1536x1536.jpg 1536w, https://www.azulmusic.com.br/en/wp-content/uploads/2023/06/AMDA1848_BrazilianFruits_OlgaKopylovaRodrigoVitta-2048x2048.jpg 2048w, https://www.azulmusic.com.br/en/wp-content/uploads/2023/06/AMDA1848_BrazilianFruits_OlgaKopylovaRodrigoVitta-36x36.jpg 36w, https://www.azulmusic.com.br/en/wp-content/uploads/2023/06/AMDA1848_BrazilianFruits_OlgaKopylovaRodrigoVitta-180x180.jpg 180w, https://www.azulmusic.com.br/en/wp-content/uploads/2023/06/AMDA1848_BrazilianFruits_OlgaKopylovaRodrigoVitta-1500x1500.jpg 1500w, https://www.azulmusic.com.br/en/wp-content/uploads/2023/06/AMDA1848_BrazilianFruits_OlgaKopylovaRodrigoVitta-495x495.jpg 495w, https://www.azulmusic.com.br/en/wp-content/uploads/2023/06/AMDA1848_BrazilianFruits_OlgaKopylovaRodrigoVitta-260x260.jpg 260w" sizes="(max-width: 705px) 100vw, 705px" /></a><div class='slide-content'><header class="entry-content-header"><h3 class='slide-entry-title entry-title '  itemprop="headline" ><a href='https://www.azulmusic.com.br/en/portfolio-item/brazilian-fruits/' title='Brazilian Fruits'>Brazilian Fruits</a></h3><span class="blog-categories minor-meta"><a href="https://www.azulmusic.com.br/en/portfolio_entries/olga-kopylova/" rel="tag">Olga Kopylova</a>, <a href="https://www.azulmusic.com.br/en/portfolio_entries/rodrigo-vitta/" rel="tag">Rodrigo Vitta</a> </span><span class="av-vertical-delimiter"></span></header><div class='slide-meta'><time class='slide-meta-time updated'  itemprop="datePublished" datetime="2023-06-23T11:46:06-03:00" >June 23, 2023</time></div><div class='slide-entry-excerpt entry-content'  itemprop="text" >Presenting a set of unpublished works, the pianist pays homage to the 30-year artistic career of the São Paulo composer and conductor.</div></div><footer class="entry-footer"></footer><span class='hidden'>
				<span class='av-structured-data'  itemprop="image" itemscope="itemscope" itemtype="https://schema.org/ImageObject" >
						<span itemprop='url'>https://www.azulmusic.com.br/en/wp-content/uploads/2023/06/AMDA1848_BrazilianFruits_OlgaKopylovaRodrigoVitta-scaled.jpg</span>
						<span itemprop='height'>2560</span>
						<span itemprop='width'>2560</span>
				</span>
				<span class='av-structured-data'  itemprop="publisher" itemtype="https://schema.org/Organization" itemscope="itemscope" >
						<span itemprop='name'>azulmusic</span>
						<span itemprop='logo' itemscope itemtype='https://schema.org/ImageObject'>
							<span itemprop='url'>https://azulmusicnovo1.websiteseguro.com/wp-content/uploads/2021/05/logo-prata-m3-467x500.png</span>
						 </span>
				</span><span class='av-structured-data'  itemprop="author" itemscope="itemscope" itemtype="https://schema.org/Person" ><span itemprop='name'>azulmusic</span></span><span class='av-structured-data'  itemprop="datePublished" datetime="2023-07-14T10:11:41-03:00" >2023-06-23 11:46:06</span><span class='av-structured-data'  itemprop="dateModified" itemtype="https://schema.org/dateModified" >2026-02-05 12:25:42</span><span class='av-structured-data'  itemprop="mainEntityOfPage" itemtype="https://schema.org/mainEntityOfPage" ><span itemprop='name'>Brazilian Fruits</span></span></span></article></div></div></div>
<div   class='hr hr-default   avia-builder-el-7  el_after_av_postslider  el_before_av_hr '><span class='hr-inner ' ><span class='hr-inner-style'></span></span></div>
<div   class='hr hr-default   avia-builder-el-8  el_after_av_hr  avia-builder-el-last '><span class='hr-inner ' ><span class='hr-inner-style'></span></span></div>
