{"id":3954,"date":"2025-10-09T11:34:04","date_gmt":"2025-10-09T14:34:04","guid":{"rendered":"https:\/\/www.azulmusic.com.br\/en\/?post_type=portfolio&#038;p=3954"},"modified":"2025-10-09T11:34:06","modified_gmt":"2025-10-09T14:34:06","slug":"sheila-minatti","status":"publish","type":"portfolio","link":"https:\/\/www.azulmusic.com.br\/en\/portfolio-item\/sheila-minatti\/","title":{"rendered":"Sheila Minatti"},"content":{"rendered":"<div class=\"flex_column av_one_third  flex_column_div av-zero-column-padding first  avia-builder-el-0  el_before_av_two_third  avia-builder-el-first  \" style='border-radius:0px; '><div  class='avia-image-container avia_animated_image avia_animate_when_almost_visible av-rotateInUpLeft av-styling- av-hover-grow   avia-builder-el-1  avia-builder-el-no-sibling  avia-align-center '  itemprop=\"image\" itemscope=\"itemscope\" itemtype=\"https:\/\/schema.org\/ImageObject\"  ><div class='avia-image-container-inner'><div class='avia-image-overlay-wrap'><img decoding=\"async\" class='wp-image-3955 avia-img-lazy-loading-not-3955 avia_image' src=\"https:\/\/www.azulmusic.com.br\/en\/wp-content\/uploads\/2025\/10\/SheilaMinatti.jpg\" alt='' title='SheilaMinatti' height=\"1024\" width=\"768\"  itemprop=\"thumbnailUrl\" srcset=\"https:\/\/www.azulmusic.com.br\/en\/wp-content\/uploads\/2025\/10\/SheilaMinatti.jpg 768w, https:\/\/www.azulmusic.com.br\/en\/wp-content\/uploads\/2025\/10\/SheilaMinatti-225x300.jpg 225w, https:\/\/www.azulmusic.com.br\/en\/wp-content\/uploads\/2025\/10\/SheilaMinatti-529x705.jpg 529w\" sizes=\"(max-width: 768px) 100vw, 768px\" \/><\/div><\/div><\/div><\/div><div class=\"flex_column av_two_third  flex_column_div av-zero-column-padding   avia-builder-el-2  el_after_av_one_third  el_before_av_heading  \" style='border-radius:0px; '><p><div  style='padding-bottom:10px; ' class='av-special-heading av-special-heading-h1  blockquote modern-quote  avia-builder-el-3  el_before_av_textblock  avia-builder-el-first  '><h1 class='av-special-heading-tag '  itemprop=\"headline\"  >Sheila Minatti<\/h1><div class='special-heading-border'><div class='special-heading-inner-border' ><\/div><\/div><\/div><br \/>\n<section class=\"av_textblock_section \"  itemscope=\"itemscope\" itemtype=\"https:\/\/schema.org\/CreativeWork\" ><div class='avia_textblock  '   itemprop=\"text\" ><p data-start=\"168\" data-end=\"710\">Singer, composer, and researcher, Sheila Minatti built her musical foundation upon the classical repertoire, yet it was her profound connection to the roots of Brazilian popular music that shaped the path of her artistic and academic pursuits. Holding a Doctorate in Vocal Performance from the S\u00e3o Paulo State University (UNESP), she developed an extensive study on the characteristics of the Brazilian Portuguese language in singing, exploring its expressive nuances and expanding the boundaries between musical styles.<\/p>\n<p data-start=\"712\" data-end=\"1189\">As a performer, she stands out for her refined aesthetic sensibility and interpretative depth, with a particular focus on the classical repertoire sung in Brazilian Portuguese. She has performed at the Festival de Inverno de Campos do Jord\u00e3o, alongside the Conservat\u00f3rio de Tatu\u00ed Orchestra, and appeared as a crossover singer in the Tucca Aprendiz de Maestro concert series, held at Sala S\u00e3o Paulo under the baton of Maestro Jo\u00e3o Mauricio Galindo.<\/p>\n<p data-start=\"1191\" data-end=\"1566\">During the pandemic period, she began to formalize her original artistic projects, consolidating her role as a composer and performer. Her songs are born from a desire to foster empathy and emotional connection, transforming human experiences into subtle \u201cbreaths of lightness,\u201d where music and words intertwine in a poetics of sensitivity and humanity.<\/p>\n<p>.<\/p>\n<\/div><\/section><\/p><\/div><div  style='padding-bottom:10px; margin-bottom: 30px;' class='av-special-heading av-special-heading-h1  blockquote modern-quote  avia-builder-el-5  el_after_av_two_third  el_before_av_postslider  '><h1 class='av-special-heading-tag '  itemprop=\"headline\"  >ALBUMS<\/h1><div class='special-heading-border'><div class='special-heading-inner-border' ><\/div><\/div><\/div><\/p>\n\n<div   class='hr hr-default   avia-builder-el-7  el_after_av_postslider  el_before_av_hr '><span class='hr-inner ' ><span class='hr-inner-style'><\/span><\/span><\/div>\n<div   class='hr hr-default   avia-builder-el-8  el_after_av_hr  avia-builder-el-last '><span class='hr-inner ' ><span class='hr-inner-style'><\/span><\/span><\/div>\n","protected":false},"excerpt":{"rendered":"","protected":false},"featured_media":3955,"comment_status":"open","ping_status":"closed","template":"","tags":[5],"portfolio_entries":[],"class_list":["post-3954","portfolio","type-portfolio","status-publish","has-post-thumbnail","hentry","tag-artists"],"_links":{"self":[{"href":"https:\/\/www.azulmusic.com.br\/en\/wp-json\/wp\/v2\/portfolio\/3954","targetHints":{"allow":["GET"]}}],"collection":[{"href":"https:\/\/www.azulmusic.com.br\/en\/wp-json\/wp\/v2\/portfolio"}],"about":[{"href":"https:\/\/www.azulmusic.com.br\/en\/wp-json\/wp\/v2\/types\/portfolio"}],"replies":[{"embeddable":true,"href":"https:\/\/www.azulmusic.com.br\/en\/wp-json\/wp\/v2\/comments?post=3954"}],"version-history":[{"count":1,"href":"https:\/\/www.azulmusic.com.br\/en\/wp-json\/wp\/v2\/portfolio\/3954\/revisions"}],"predecessor-version":[{"id":3956,"href":"https:\/\/www.azulmusic.com.br\/en\/wp-json\/wp\/v2\/portfolio\/3954\/revisions\/3956"}],"wp:featuredmedia":[{"embeddable":true,"href":"https:\/\/www.azulmusic.com.br\/en\/wp-json\/wp\/v2\/media\/3955"}],"wp:attachment":[{"href":"https:\/\/www.azulmusic.com.br\/en\/wp-json\/wp\/v2\/media?parent=3954"}],"wp:term":[{"taxonomy":"post_tag","embeddable":true,"href":"https:\/\/www.azulmusic.com.br\/en\/wp-json\/wp\/v2\/tags?post=3954"},{"taxonomy":"portfolio_entries","embeddable":true,"href":"https:\/\/www.azulmusic.com.br\/en\/wp-json\/wp\/v2\/portfolio_entries?post=3954"}],"curies":[{"name":"wp","href":"https:\/\/api.w.org\/{rel}","templated":true}]}}

<div class="flex_column av_one_third  flex_column_div av-zero-column-padding first  avia-builder-el-0  el_before_av_two_third  avia-builder-el-first  " style='border-radius:0px; '><div  class='avia-image-container avia_animated_image avia_animate_when_almost_visible av-rotateInUpLeft av-styling- av-hover-grow   avia-builder-el-1  avia-builder-el-no-sibling  avia-align-center '  itemprop="image" itemscope="itemscope" itemtype="https://schema.org/ImageObject"  ><div class='avia-image-container-inner'><div class='avia-image-overlay-wrap'><img decoding="async" class='wp-image-3955 avia-img-lazy-loading-not-3955 avia_image' src="https://www.azulmusic.com.br/en/wp-content/uploads/2025/10/SheilaMinatti.jpg" alt='' title='SheilaMinatti' height="1024" width="768"  itemprop="thumbnailUrl" srcset="https://www.azulmusic.com.br/en/wp-content/uploads/2025/10/SheilaMinatti.jpg 768w, https://www.azulmusic.com.br/en/wp-content/uploads/2025/10/SheilaMinatti-225x300.jpg 225w, https://www.azulmusic.com.br/en/wp-content/uploads/2025/10/SheilaMinatti-529x705.jpg 529w" sizes="(max-width: 768px) 100vw, 768px" /></div></div></div></div><div class="flex_column av_two_third  flex_column_div av-zero-column-padding   avia-builder-el-2  el_after_av_one_third  el_before_av_heading  " style='border-radius:0px; '><p><div  style='padding-bottom:10px; ' class='av-special-heading av-special-heading-h1  blockquote modern-quote  avia-builder-el-3  el_before_av_textblock  avia-builder-el-first  '><h1 class='av-special-heading-tag '  itemprop="headline"  >Sheila Minatti</h1><div class='special-heading-border'><div class='special-heading-inner-border' ></div></div></div><br />
<section class="av_textblock_section "  itemscope="itemscope" itemtype="https://schema.org/CreativeWork" ><div class='avia_textblock  '   itemprop="text" ><p data-start="168" data-end="710">Singer, composer, and researcher, Sheila Minatti built her musical foundation upon the classical repertoire, yet it was her profound connection to the roots of Brazilian popular music that shaped the path of her artistic and academic pursuits. Holding a Doctorate in Vocal Performance from the São Paulo State University (UNESP), she developed an extensive study on the characteristics of the Brazilian Portuguese language in singing, exploring its expressive nuances and expanding the boundaries between musical styles.</p>
<p data-start="712" data-end="1189">As a performer, she stands out for her refined aesthetic sensibility and interpretative depth, with a particular focus on the classical repertoire sung in Brazilian Portuguese. She has performed at the Festival de Inverno de Campos do Jordão, alongside the Conservatório de Tatuí Orchestra, and appeared as a crossover singer in the Tucca Aprendiz de Maestro concert series, held at Sala São Paulo under the baton of Maestro João Mauricio Galindo.</p>
<p data-start="1191" data-end="1566">During the pandemic period, she began to formalize her original artistic projects, consolidating her role as a composer and performer. Her songs are born from a desire to foster empathy and emotional connection, transforming human experiences into subtle “breaths of lightness,” where music and words intertwine in a poetics of sensitivity and humanity.</p>
<p>.</p>
</div></section></p></div><div  style='padding-bottom:10px; margin-bottom: 30px;' class='av-special-heading av-special-heading-h1  blockquote modern-quote  avia-builder-el-5  el_after_av_two_third  el_before_av_postslider  '><h1 class='av-special-heading-tag '  itemprop="headline"  >ALBUMS</h1><div class='special-heading-border'><div class='special-heading-inner-border' ></div></div></div></p>

<div   class='hr hr-default   avia-builder-el-7  el_after_av_postslider  el_before_av_hr '><span class='hr-inner ' ><span class='hr-inner-style'></span></span></div>
<div   class='hr hr-default   avia-builder-el-8  el_after_av_hr  avia-builder-el-last '><span class='hr-inner ' ><span class='hr-inner-style'></span></span></div>
